en (-1 - 1)*92/(-8) is divided by l(10).
7
Suppose 3*l + 2*l = 495. Suppose -4*j + l = -101. Calculate the remainder when j is divided by 13.
11
Suppose 63 = 4*v - v. Calculate the remainder when v is divided by 11.
10
Suppose 0 = 3*d + 2*p - 20 + 5, 4*d - 2*p - 34 = 0. Calculate the remainder when 12 is divided by d.
5
Let z(t) = 141*t**2 + 3*t - 2. Let s be z(1). Let i = 211 - s. What is the remainder when i is divided by 18?
15
Let a be (0/(-2))/(0 - -1). Suppose -5*s = -a*s - 20. Let x(p) = -p**2 + 11*p - 12. Calculate the remainder when x(9) is divided by s.
2
Suppose 5*q + 2 = -2*n - 7, -4*n - 4*q = 0. Suppose -n*z - 9 = -4*z. Calculate the remainder when z is divided by 3.
0
Suppose -3*b = -m - 47, -4*m + 4 - 24 = 0. Let c(f) = 5*f**2 - 2*f + 15. Calculate the remainder when c(3) is divided by b.
12
Suppose -3*f = -98 - 22. What is the remainder when f is divided by 11?
7
Suppose 0 = 5*u, -7*y + 50 = -2*y - 4*u. Suppose -4*c = -14 - y. Calculate the remainder when (-20)/c*(-3)/1 is divided by 4.
2
Let k = -34 + 65. Calculate the remainder when 122 is divided by k.
29
Suppose 0 = -4*u + 3*b + 93, 2*b + 28 - 1 = u. Let x be (-22)/5 + (-6)/(-15). Let w = u + x. What is the remainder when w is divided by 9?
8
Let g be (2 - 1)/(2/14). Let l = g - 4. Suppose 5*h = 5*z - l*z - 21, -h - 25 = -2*z. What is the remainder when 25 is divided by z?
12
Let n be -5*(2 - (3 - 2)). What is the remainder when (-209)/n - (-6)/30 is divided by 15?
12
Let d = 3 - -1. What is the remainder when d is divided by 1/(-3 - (-30)/9)?
1
Let d(g) = g**3 - 5*g**2 + 11. Calculate the remainder when 31 is divided by d(5).
9
Suppose -6*j + 11*j - 311 = 4*g, 5*g + 121 = 2*j. Calculate the remainder when j is divided by 32.
31
Let d = 0 - -19. Suppose -5*t + 14 + 11 = 0. Calculate the remainder when d is divided by t.
4
Suppose 2*b - x - 25 = 0, -12 = 2*x + 2*x. Let s = -8 + b. Suppose -3*u + 15 = 2*m, 2*m + s*m + 15 = 0. What is the remainder when 19 is divided by u?
5
Suppose -4*k - 47 = -3*p - 6, 4*k + 26 = 2*p. What is the remainder when 59 is divided by p?
14
Let x be (-3)/(-3) - (-36 - 2). Let n = 15 - 4. What is the remainder when n is divided by (-1)/(x/21 - 2)?
4
Let g = 37 + -32. Calculate the remainder when -2*(27/2)/(-3) is divided by g.
4
Suppose 2*b - 3*b + 64 = 0. Let i = b + -24. Let z = -28 + i. What is the remainder when 35 is divided by z?
11
Suppose -l + o + 24 = 5*o, 0 = -4*l - o + 21. Suppose -3*k = -l*k + 3. What is the remainder when 7 is divided by k?
1
Let g = -3 + 9. Let v(k) = -k**2 + 9*k - 3. Calculate the remainder when v(g) is divided by 8.
7
Calculate the remainder when 0 + (60/(-35))/((-2)/28) is divided by 9.
6
Let x(f) = f**3 - 4*f**2 + 6*f + 3. Suppose 9 = 4*q - 3. Calculate the remainder when 45 is divided by x(q).
9
Suppose 4*q - 123 = r, 2*q - 2*r + 7*r = 67. Suppose 3*c = -3 - 3, 3*k - 41 = -2*c. Suppose -3*y = -18 - k. Calculate the remainder when q is divided by y.
9
Let p be 2 + (-4 - 0) + 2. Let x = 136 + -51. Suppose p = -h - 4*h + x. What is the remainder when h is divided by 6?
5
Let f be -2 - (1 - 297 - -2). Suppose 76 = o + s, 2*s + 0*s + f = 4*o. Calculate the remainder when (-1)/(-2)*o + -2 is divided by 12.
11
Suppose 2*p - 63 = -5*l, 0*p + 5*l - 107 = -3*p. Suppose h = 5*d - 117, -d + 2*h + 50 = d. What is the remainder when p is divided by d?
21
Let z = -36 - -46. Calculate the remainder when 16 is divided by z.
6
Let b = 15 - 5. Suppose -13 + 203 = 5*x. Calculate the remainder when x is divided by b.
8
Let y = -198 - -340. Suppose 4*o + 42 = y. Calculate the remainder when 99 is divided by o.
24
Let m(z) = z**3 + 2*z**2 + 3*z + 1. Let w be m(-3). Let q(a) = -a**2 + 6*a - 1. Let r be q(9). Let n = w - r. Calculate the remainder when 31 is divided by n.
9
Let x(o) = -23*o - 1. Let w = 126 + -40. Calculate the remainder when w is divided by x(-1).
20
Suppose -2*g - r = 4*r + 3, -11 = 4*g + 5*r. What is the remainder when 17 + 8/g + 1 is divided by 6?
4
Suppose -65 = -6*d + 439. Calculate the remainder when d is divided by 17.
16
Let v(s) be the first derivative of -2 + 0*s**2 - 2*s + 2/3*s**3. What is the remainder when 17 is divided by v(2)?
5
Let b(p) = 9*p + 2. Let k be b(-3). Let a = k + 45. What is the remainder when 39 is divided by a?
19
Let m = 0 + 14. What is the remainder when 38 is divided by m?
10
Let q(v) = -2*v + 8. What is the remainder when q(-10) is divided by 6?
4
Let y be (-1)/((-1)/(-11)*1). Let v(o) = -10*o + 1. Let g be v(2). Let q = y - g. What is the remainder when 22 is divided by q?
6
Let r(d) = -10*d + 1. Suppose -29 = -i - u, -2*i - 4*u = -9*u - 30. Let y = i - -7. What is the remainder when y is divided by r(-1)?
10
Suppose 4*d - 8 - 8 = 0. Suppose -d*h - 15 = -9*h. Suppose -2*f - 3 = -v, 4*v - 11 = 9. Calculate the remainder when h is divided by f.
0
Let f be (58/8)/((-1)/(-4)). Suppose -5*d + f = -6. Let w = 5 - 1. Calculate the remainder when d is divided by w.
3
What is the remainder when (-3)/4 - (-1 + 807/(-4)) is divided by 41?
38
What is the remainder when 1 - -43 - (-12)/(-4) is divided by 22?
19
Calculate the remainder when (16/6 - 3) + (-374)/(-6) is divided by 33.
29
Suppose -5*f = 2*q - 83 + 10, 2*f - 32 = 2*q. Let g = -5 - -13. Calculate the remainder when f is divided by g.
7
Let u(a) = a**3 + 6*a**2 - 10*a. Calculate the remainder when 61 is divided by u(-7).
19
Suppose 7*d - 3*d - 140 = 0. Let s be (-1)/(-2)*(3 + -3). Suppose s = 2*x + 3*x - 90. What is the remainder when d is divided by x?
17
Let k(t) = -t**2 + 6*t + 4. Let p be k(6). Suppose 37 = p*w - 3*w + 2*v, w = 4*v + 7. Calculate the remainder when w is divided by 15.
12
Suppose 3900 = -2*i - 3*i. Calculate the remainder when 62 is divided by (-2)/8 - i/48.
14
Let s = -16 + 2. Let u = s - -28. Calculate the remainder when 13 is divided by u/(-1)*(-1)/2.
6
Let q = -72 + 82. What is the remainder when 31 is divided by q?
1
Let z = 49 - 13. What is the remainder when z is divided by 13?
10
Let p be 29*((0 - 0) + 1). Suppose -4*d = -3*y + p, -2*d = -0*d + 10. Suppose -c + y - 1 = 0. Calculate the remainder when 5 is divided by c.
1
Calculate the remainder when 101 is divided by (21 - 8)*(2 - 0).
23
Let a = 72 + -51. Let g = 36 - 25. What is the remainder when a is divided by g?
10
Suppose 92 = 4*k + 2*b, -4*b - 87 = -5*k + 2. Calculate the remainder when k is divided by 13.
8
Suppose -95 = -5*p + 150. Calculate the remainder when p + 1 + 0 - -2 is divided by (-1 - -2)/(2/36).
16
Suppose 118 = 3*a + 25. What is the remainder when a is divided by 11?
9
Suppose 4*c - 4 = 3*c. Calculate the remainder when c is divided by 1.
0
Let g be (-2 - -6)*1/2. Suppose 0*l + 3*z = -l + 26, -4*l = -g*z - 146. What is the remainder when l is divided by 9?
8
Suppose -60 = 2*f - 6*f. What is the remainder when 71 is divided by f?
11
Let h be 4*3/(-6) + 4. Suppose -27 = -h*x - 2*q + 81, -q = 4*x - 228. Suppose -2*s + 0*s = -x. Calculate the remainder when s is divided by 8.
5
Let m(z) = 5*z - 6. Let y(o) = 7*o + 0*o + o. What is the remainder when y(5) is divided by m(4)?
12
Let y be -44*(15/6 + -3). Suppose -3*z - 18 = -3*v, -5*z - y = -8*v + 5*v. What is the remainder when v is divided by 2?
0
Let p be (-2)/6 - (-4)/(-6). What is the remainder when (p - 4)*(-4 + -2) is divided by 16?
14
Suppose 0 = -4*v - 5*s + 93, -5*v = -s - 65 - 15. What is the remainder when v is divided by 7?
3
Let u(a) = a**3 - 9*a**2 + 7*a + 12. Let v(w) = -4*w**3 + 35*w**2 - 27*w - 47. Let j(x) = 9*u(x) + 2*v(x). What is the remainder when 14 is divided by j(10)?
2
Let j(n) = -n + 19. Let t = -126 + 161. What is the remainder when t is divided by j(0)?
16
Suppose -4 = 2*a + 10. Let d(b) = b**2 + 6*b - 8. Let z be d(a). What is the remainder when z/(-2)*(6 - -2) is divided by 3?
1
Let s be -1 + (171/3 - 0). Suppose 5*m + 5 = 0, 265 = -3*k + 3*m - s. Calculate the remainder when -2 + (k + -3)/(-3) is divided by 12.
11
Let b be 45/4 + (-2)/8. Let f = b - -13. Suppose w = 11 - 2. What is the remainder when f is divided by w?
6
Let y(a) = 2*a + 3. What is the remainder when y(3) is divided by 3?
0
Suppose -4*u = -5*v - 32, 1 = 3*u - v - 12. Suppose 4*t - 9 = u*t. What is the remainder when ((-32)/(-10))/((-1)/(-5)) is divided by t?
7
Let s(a) = -5*a**3 + 2*a**2 - 2*